Let m(p) = -4*p**2 + 28*p - 33. Let h(l) = l**2 - 7*l + 8. Let d(t) = 9*h(t) + 2*m(t). Calculate d(4).
-6
Let o(b) = b**2 + 1 + 2*b**2 - 1. Let g be o(1). Let f(j) = -2*j + 4. Determine f(g).
-2
Let o(x) = 2*x - 6. Let g be o(5). Let b(i) = 5*i**2 - 10 - 6*i**2 - i**3 - g. Determine b(0).
-14
Let v(k) be the first derivative of -2*k**3/3 - k**2 - k + 3. Give v(-1).
-1
Let t = -13 - -15. Let a(u) be the first derivative of 1/2*u**2 + u - t. Determine a(-4).
-3
Let a(u) = -u**3 - u**2 - 8*u + 2. Let r(s) = -s**2 - s. Let d(x) = a(x) - 5*r(x). Determine d(3).
2
Suppose -5*s + 10 = -10*s. Let d = s + 4. Suppose d*m = -3 - 1. Let z(k) = -k**2 + k - 1. Determine z(m).
-7
Suppose 4*c + o - 23 = 0, 5 = 4*c + 3*o - 24. Let g = -3 + c. Let s(a) = -a**2 + 10 + a**2 - a**g. Calculate s(0).
10
Let o(i) = -i**2 + 6*i. Let l(s) = -3*s**2 + 12*s + 2. Let h(t) = -2*l(t) + 5*o(t). What is h(-6)?
-4
Suppose -5*y + y + 4 = 0. Suppose -3*z + 20 = 2*z. Let x(a) = -z + a + 4 - 4*a. Give x(y).
-3
Suppose u + u = 0. Let n(h) be the third derivative of -h**4/24 + 5*h**3/3 + h**2. What is n(u)?
10
Let v(l) = -l**3 + l**2 - l - 1. Let f(m) = 4*m**3 - 4*m**2 + 4*m + 4. Let g(b) = -2*f(b) - 7*v(b). Give g(0).
-1
Let v(u) = u - 2. Let y(m) = -5*m**3 - 31*m**2 + 14*m - 15. Let i(b) = -b**3 - 6*b**2 + 3*b - 3. Let o(p) = -11*i(p) + 2*y(p). Let l be o(-5). Calculate v(l).
1
Let x(g) = g**3 - g**2 - 2*g - 2. Let w(a) = a**3 - 4*a**2 + 3*a + 3. Let t be w(3). Give x(t).
10
Suppose -3*l = p + 1, 4*p + 1 = 4*l - 3. Let w(g) be the third derivative of -3*g**6/40 - g**5/30 - g**4/12 - g**3/6 + g**2. Calculate w(p).
8
Let d = 0 + 0. Let q(x) be the second derivative of -x**4/24 - x**3/2 + x**2 - 3*x. Let z(l) be the first derivative of q(l). Determine z(d).
-3
Let f(i) = i + 6. Suppose -3*h + 14 = o - 3, 0 = 4*o - h - 3. Suppose 4*c = 2*k - o, -k = 3*c - 2*c - 7. Let s be 9/c*4/(-3). What is f(s)?
0
Let y(t) be the second derivative of -t**6/120 + t**5/12 - t**4/24 + 2*t**3/3 - 2*t**2 + 4*t. Let x(q) be the first derivative of y(q). Calculate x(5).
-1
Let c(r) = 2*r + 2. Let i(s) = -3*s - 4*s + 4*s + 2*s. Let n be i(-9). Let q = n + -13. Calculate c(q).
-6
Let k be (2 - 3)/(3/(-3)). Let l(y) = -6*y + 1. Determine l(k).
-5
Let u(o) = o**2 + 11*o + 11. Let l(n) = n**2 + 10*n + 10. Let w(x) = -5*l(x) + 4*u(x). Let p be (2 - 0 - 3)*(-1 - -6). What is w(p)?
-1
Let w(h) = h - 6. Let f be w(7). Let g(u) = -5*u - 5*u + 4*u - 2*u. Give g(f).
-8
Let q be (-5 + 2)*(-6)/18. Let p(w) = 4 - 1 - 6 + 2*w - q. What is p(4)?
4
Let g(x) be the third derivative of x**6/120 + x**5/30 + x**4/12 - x**3/6 - 19*x**2. Determine g(-2).
-5
Let r(d) = -d**3 + d**2 + 3*d + 2. Let q(p) = p**2 + p - 1. Let n(z) = 3*q(z) + r(z). Calculate n(5).
4
Let b(u) = u + 7. Let j be b(-3). Suppose -6 + j = -i. Let a(h) = 3*h**3 - 2*h**3 - 4 - h + i. Calculate a(2).
4
Let u(h) be the second derivative of -1/2*h**4 + 0 + 7/2*h**2 + 3*h + 1/20*h**5 - 4/3*h**3. Let t be u(7). Let l(f) = f + 5. What is l(t)?
5
Let t(g) = -2*g**2 - 5*g - 4. Let m = 72 - 75. What is t(m)?
-7
Let g(n) = n**2 - 4*n + 3. Let o(d) = d**2 - 4*d - 5. Let f(a) = a + 1. Let w(y) = 4*f(y) + o(y). Let z(c) = -g(c) + 2*w(c). Determine z(-4).
-5
Let k = -9 + 12. Suppose -2*y + 15 = k*y. Let m(x) = -4*x - 2*x**2 + y*x**2 + 1 + 4*x. Calculate m(3).
10
Let a be (-23 + 25)*(-2)/(4/2). Let t(q) = 5*q**2 + 3*q + 1. What is t(a)?
15
Let h(i) = 2*i**3 + 5*i**2 + 3*i + 2. Let n = 42 + -45. Calculate h(n).
-16
Let t(d) be the second derivative of 1/20*d**5 + 1/2*d**2 - 6*d - d**3 - 1/4*d**4 + 0. Give t(4).
-7
Let d = -124 - -121. Let n(s) = s + 7. What is n(d)?
4
Suppose 5*b = -128 + 53. Let d(t) = t - 1. Let k(w) be the first derivative of -3*w**2/2 + 2*w + 1. Let m(j) = b*d(j) - 6*k(j). Give m(-2).
-3
Let b(j) = -2*j + 1. Let p be (17 - 10) + 2/(-2). Calculate b(p).
-11
Let b = 2 + 2. Let w(n) = -11*n**3 + 23*n**2 - 14*n - 15. Let a(d) = 7*d**3 - 15*d**2 + 9*d + 10. Let m(h) = -8*a(h) - 5*w(h). What is m(b)?
3
Let h(a) be the second derivative of -3*a**3/2 + a**2/2 + a. Let u be 3 - 6 - (-10 - 1). Let p be -4 - (u/(-2) - 1). Determine h(p).
-8
Let l = -16 - -11. Let o(d) = d + 3 + 0 - 5 - 2*d. Let h be o(l). Let f(b) = 2*b**2 - 5*b + 2. What is f(h)?
5
Let t(c) = 2*c**3 + c**2 - c + 6. Let d(z) = 5*z**3 + z**2 - z + 13. Let o(a) = -3*d(a) + 7*t(a). Let n be 7 + -1*(0 + 5). Determine o(n).
3
Suppose -2*p - 13 = -0*p + d, 2*p - 12 = 4*d. Let h(k) = k**2 + 6*k + 4. Calculate h(p).
-4
Let f(g) = -5*g - 7. Let p be f(-2). Let m(y) = p*y - y + 3*y + y**2 + 0*y**2. Give m(-5).
0
Suppose -p + 4 - 3 = 0, 2*p = 2*m + 16. Let w(r) = -r**3 - 6*r**2 + 6*r - 9. Calculate w(m).
-2
Let j(c) = 5*c. Let x(s) = -s - 1. Let z(a) = -j(a) - 6*x(a). Calculate z(6).
12
Let s(r) = 4*r + 3. Suppose 3*i + 6 = -0. Give s(i).
-5
Suppose -5*o - 4*a = -6*a + 8, 5*a = 20. Let j(r) = r - 7. Determine j(o).
-7
Let w = 0 + 4. Suppose -3*h + h = -w. Let g(d) = -2*d + 2. Calculate g(h).
-2
Let o(k) = -7 - 3*k - 8 - k**3 + 4*k**2 + 15 - 2. Determine o(4).
-14
Let f(g) be the third derivative of -g**5/60 + g**4/4 - g**3/3 + g**2. Give f(3).
7
Let z(w) = w**2 - w. Let y(v) = v**3 - v**2 - 7*v - 7. Let m(r) = y(r) - 3*z(r). Calculate m(5).
-2
Let k(v) = -v - 7. Let s be k(-5). Let p(b) = -b - 8*b + 6*b + 1 + 4*b**2. Let l(u) = -9*u**2 + 7*u - 3. Let o(g) = -3*l(g) - 7*p(g). Give o(s).
-2
Let s(m) be the third derivative of 3/2*m**3 + 0*m - m**2 + 1/60*m**5 + 0*m**4 + 0. Suppose 0 = 3*l + 4*r + 8, 4*r + 4 = l - 4. What is s(l)?
9
Let p(d) = -2*d - 8. Suppose 71 - 29 = -6*g. Give p(g).
6
Let p(n) = -n**2 - 5*n + 8. Let a(d) = -3*d. Let z be (-1)/(-3)*2*3. Let y be a(z). Determine p(y).
2
Suppose -7*a = -2*a. Let z(g) = -20*g**2 + 20*g - 9. Let u(w) = 2*w**2 - 2*w + 4*w**2 - 5*w + 3 + w**2. Let j(q) = 17*u(q) + 6*z(q). Calculate j(a).
-3
Suppose 0 = 4*h - 2 + 14. Let j(y) = y**3 + 3*y**2 - 4. Determine j(h).
-4
Let j(c) be the first derivative of -c**3/3 - c**2/2 - 2*c - 15. What is j(-3)?
-8
Let t(l) be the first derivative of -l**5/60 + 5*l**4/24 + 4*l**3/3 + l**2/2 - 4. Let m(h) be the second derivative of t(h). Let x = -16 - -22. Calculate m(x).
2
Suppose 12 = -2*l + 4*l - 4*a, -3*a - 37 = -5*l. Let o = 11 - l. Let c(i) = -2*i + 3. Give c(o).
-3
Let y(i) be the third derivative of 0*i**3 + 0 - 1/24*i**4 + 6*i**2 - 1/30*i**5 + 0*i. What is y(-1)?
-1
Let m(i) be the second derivative of -1/3*i**3 + 1/20*i**5 - i**2 + i + 0 - 1/6*i**4. Calculate m(3).
1
Let f = -4 + -1. Let x(j) = j**3 + 4*j**2 - 2*j + 7. What is x(f)?
-8
Let c(a) be the first derivative of a**3/3 - 2*a**2 - 4*a - 2. What is c(6)?
8
Suppose 2*x - i - 37 = 0, -2*i - 12 = 2*i. Suppose -1 = 4*d - x. Let s(q) = 7 - q - 3*q + 3*q**2 - d*q**2. Determine s(-5).
2
Let t(r) be the second derivative of -2*r**3/3 - 3*r**2/2 - 24*r. What is t(-2)?
5
Let y(r) = -r**2 + r + 3. Let x be -4 + 7 + -2 - -3. Give y(x).
-9
Suppose -7*a = -2*a - 25. Let p(k) = a*k - 4*k**2 - 4*k**2 + 3*k**2 - 3 + 4*k**2. Let g = -9 - -14. Give p(g).
-3
Let g(v) = -v**3 - 4*v**2 + 5*v + 5. Let m = 12 - 0. Suppose 3*r = -3 - m. Give g(r).
5
Let i(l) = -l**3 - l**2 - 2. Suppose -7*t - 23 = -2. What is i(t)?
16
Let f(o) = o**3 + 4*o**2 - 5. Let z be (-3)/(-2) + (-1)/(-2). Suppose -44 + 0 = -4*y + 5*q, 4*y - 16 = -z*q. Suppose -20 = y*k - k. Calculate f(k).
-5
Let k(p) = 4*p + 3. Let y(j) = j**3 - 4*j**2 - 1. Let m be y(2). Suppose 9*z + 11 = 65. Let v = m + z. Determine k(v).
-9
Let l(q) = q - 6. Suppose 11 = 7*d - 31. Give l(d).
0
Let r be 10/(-15)*15/(-2). Let g be 3/(2 - r) + 1. Let n(d) = -d**3 + d**2 + d + 6. Determine n(g).
6
Let n = -5 - -7. Suppose -n*q = q - 4*t + 6, -3*q - 15 = -t. Let r(l) = -l**2 - 8*l - 4. What is r(q)?
8
Let j(k) = -2*k**3 - 3*k**2 - 3*k - 3. Suppose -z = -2*z. Suppose 3*t - 4 = f, 4*t - 37 = -5*f - z*f. Suppose 0 = f*p + 7 + 3. Determine j(p).
7
Let f(o) = o**2. Let j(t) = 2*t**3 - 6*t**2 + 3*t - 2. Let x(w) = -3*f(w) - j(w). Calculate x(2).
-8
Let a(k) = 0*k**2 + 0*k - 2*k**2 + k**3 - 4 - k. Suppose -m - 2*m + 21 = 0. Suppose 15 = 2*f - 4*n - m, 7 = f - n. What is a(f)?
2
Let q(z) = z. Let d(o) = o**3 - 8*o**2 - 8*o - 2. Let h be d(9). Let u = h + 0. What is q(u)?
7
Let l(y) be the second derivative of y**5/20 + y**4/3 + y**3/3 + y**2 - 2*y. Suppos